3 + 11*c**2 + c - 23. What is u(v)?
-34
Let s be (((-70)/25)/(-7))/((-8)/(-340)). Let a(f) = 1864*f + s - 5 - 1874*f + f**2. Give a(8).
-4
Let z(n) = 3*n - 2. Let c = 24 + -22. Suppose -3*x + 2*o = -c*o - 30, -4*o - 6 = x. Suppose 0 = 3*r + 2*j - 16, -2*j = r - x - 6. What is z(r)?
4
Let u(b) = 2*b - 2. Suppose -49 = -0*i + 7*i. Let t be ((-1)/i - 0)/((-14)/(-98)). Calculate u(t).
0
Let n(o) be the second derivative of 4*o**3/3 + 31*o**2 - 356*o - 4. Determine n(-12).
-34
Suppose 4*d - 30 = 5*m, 3*d = 4*m - m + 18. Let n(f) = 7 + 4*f**2 - 12*f**2 - 5*f + 14*f**3 - 11*f**3 - 20*f**3 + 16*f**3. Determine n(m).
-35
Let i(c) be the third derivative of 0*c - 12*c**2 + 1/60*c**5 + 5/6*c**3 - 11/24*c**4 - 4. Let a be 2/(-7) - 288/(-28). Determine i(a).
-5
Let l(h) = -16*h**2 - 5*h + 28. Let a(i) = 43*i**2 + 15*i - 83. Let u(d) = 3*a(d) + 8*l(d). Give u(5).
25
Let d(h) = -2*h**3 - 11*h**2 - 27*h - 4. Let x(s) = -s**3 - 3*s**2 - 8*s - 1. Let l(z) = -2*d(z) + 7*x(z). What is l(1)?
-3
Let d(z) = 2*z**2 - 18*z + 20. Suppose 4*k = 3*n + 41, 79*k + 4*n - 20 = 75*k. Determine d(k).
4
Let y(l) = -34*l**2 - l + 2. Let b(a) = 122*a + 2807. Let k be b(-23). What is y(k)?
-33
Suppose 0 = -2*i - i + 6. Let u be 4 + 11/(-1) + i. Let o(z) be the second derivative of z**5/20 + 5*z**4/12 - z**3/2 - 3*z**2/2 - 28*z - 1. What is o(u)?
12
Let z be -2*(0 - -3 - 4). Suppose 0*f - 34 = -5*a - f, -4*a + z*f + 16 = 0. Let d(t) = -t**2 + 6*t + 2. Determine d(a).
2
Let y(n) = n**3 - 8*n**2 + 3*n - 26. Suppose 2*r + 102 = 14. Let c = r + 52. Let l be y(c). Let j(w) = w + 1. Give j(l).
-1
Let f(c) = -2*c - 10. Let i(o) = 3*o**2 + 152*o + 516. Let h be i(-47). Calculate f(h).
-8
Suppose -15 = -5*g - 4*i, 4*g - 4*i - 6 = 2*g. Let y(x) = -x**3 + 7*x**2 - 12*x + 4. What is y(g)?
4
Let m(f) = 11*f + 3. Let t = -4 + 12. Let o = 2138 + -2135. Suppose o*d + t = -d. Calculate m(d).
-19
Let k(c) = -143*c - 279. Let g be k(-2). Let x(o) = o**3 - 2*o**2 - 34*o + 9. What is x(g)?
16
Let w(g) = 4*g**3 + 11*g**2 - g - 7. Let h(c) = -c**3 - 5*c**2 + 2*c + 1. Let t(m) = -3*h(m) - w(m). Suppose 1 = r - 2. Give t(r).
-2
Let w(y) be the second derivative of -y**6/144 - y**5/30 - 31*y**4/4 + 2*y + 10. Let a(t) be the third derivative of w(t). Give a(4).
-24
Let j(z) = -7018*z**2 + 14*z + 14047*z**2 + 3 - 7026*z**2. Calculate j(-2).
-13
Let w be 0 + 42/8*(-18)/(-81). Let k(o) be the second derivative of 0 - 12*o + o**2 - w*o**3. Give k(2).
-12
Let x = 110 + -110. Let w be 0/8 - x/2. Let t(c) = 4 + c**2 + 3 + 2. Calculate t(w).
9
Let u(n) = 2*n**3 - 17*n**2 - 2*n - 11. Let t = 138 + -129. Let h be u(t). Suppose 4*v - h = b + 3*b, 5*b + 9 = -2*v. Let s(y) = -y + 6. Calculate s(v).
-2
Let x(b) = -8*b**2 - 23*b + 4. Let c(q) = -7*q**2 - 21*q + 4. Let a(y) = 6*c(y) - 5*x(y). Let w(o) = 14*o + 78. Let k be w(-6). Determine a(k).
-2
Suppose -4*b + 44 - 360 = 0. Let z = -203 - b. Let r = -117 - z. Let x(y) = y**3 - 7*y**2 + y. What is x(r)?
7
Let p(q) = q**3 + 6*q**2 + 2*q + 2. Let a be ((72/(-21))/2)/((-32)/(-112)). Determine p(a).
-10
Suppose -8*u = -4*u + 76. Let r = 17 + u. Let p be (-2)/(r/3) - 1. Let l(n) = -4*n - 2. Calculate l(p).
-10
Let a be 180/(-9)*1*(-4)/(-8). Let s(b) = -2*b - 2. Calculate s(a).
18
Let w(c) = -49*c - 19*c + 72*c + 28. Determine w(-7).
0
Let d(j) = 4*j - 1. Let q be -1 + 21/5 + 4/(-20). Suppose 2*s = q*i - 0*s + 12, -5*i - 2*s - 36 = 0. Give d(i).
-25
Suppose -4*g + 6*g = 0. Suppose 2*q - 173 = -5*o, -2*q = o - g*o - 161. Let v = q + -74. Let l(f) = 3*f + 5. Give l(v).
20
Let a(u) = 2*u. Let p(y) = -7*y + 2. Let v(j) = -5*a(j) - p(j). Let i be ((-18)/36)/((-2)/(-12)). Give v(i).
7
Let p(q) be the second derivative of -3*q**3/2 - 5*q**2/2 - 5409*q. What is p(-6)?
49
Suppose -s + 4*r = 9, -4*s + 5*r = -0*s + 3. Suppose -4*k + s*k + 17 = 5*a, k = -4*a + 14. Let t(f) = 5*f + k + 5*f - 9*f. Determine t(-4).
-2
Let t be 5/((54/12)/9). Suppose -t*z + 66 = -32*z. Let a(o) be the third derivative of -o**4/6 + o**3/6 + o**2. What is a(z)?
13
Suppose 2*x + 5*l + 7 = 0, 2*x - 93*l + 15 = -90*l. Let g(d) = -2*d**2 - 11*d - 17. Give g(x).
-23
Let g(p) = 23*p - 6. Suppose -4 = -300*n + 296*n - 12. Give g(n).
-52
Suppose 5*s = u - 26, 13*u = 16*u + 4*s + 36. Let n(k) be the first derivative of k**3/3 + 3*k**2 + 14*k + 27. Calculate n(u).
6
Suppose 3*f - 5*c - 58 = 0, 5*c + 30 - 5 = 0. Let m(w) = -f + 3 + 2*w + 16. What is m(-3)?
2
Let x(c) be the first derivative of -7*c**2/2 - 2*c - 2. Let z be (-7 - (-230)/30)/((-1)/21). Let j = 12 + z. Determine x(j).
12
Let h(f) = -f**3 + 18*f**2 - 16*f - 21. Let c be (-75)/(-20) - 4/(-16). Suppose -4*j - 2*l + 70 = -4*l, 5*j - c*l = 89. What is h(j)?
-4
Let p(f) = -4*f**3 + 3*f**2 - f - 2. Let i(j) = -3*j**2 + 52*j + 37. Let s be i(18). Give p(s).
-4
Let b(c) = 3067*c + 196 - 222 - 3053*c. Calculate b(5).
44
Let q be (4/(-18))/(12/(-360))*12/(-10). Let j(k) = k**2 + k - 10. Give j(q).
46
Let r(n) = n**3 - n + 1151*n**2 - 22*n - 14 - 24 - 1173*n**2 + 2*n. What is r(23)?
8
Let l be 2*-2 + (7 - 6). Let z(o) be the second derivative of 2*o**3 - o**2 + 1559*o. What is z(l)?
-38
Let z(p) = 12*p + 2 - 20*p - 16*p - 1. Let d(y) = 2*y**2 - 50*y - 1. Let f be d(25). What is z(f)?
25
Let z(i) = 4*i + 147. Suppose 0 = 5*k - 5, 3*p + 9 + 95 = -4*k. Determine z(p).
3
Let f(i) = 6*i**3. Let p = -77 + 77. Let v = p + 0. Suppose -4*h = -4*k + 16, v*h + h = -3*k. What is f(k)?
6
Let h(r) = -r - 7. Suppose -2*l + 22 = c, -8*c - l + 155 = -3*c. Let o = 36 - c. Let v(i) = -i**3 + 3*i**2 + 4*i - 5. Let f be v(o). Calculate h(f).
-2
Suppose -5*x = -6*x - 5*b + 12, -5*x = -2*b - 60. Let t(q) be the second derivative of -q**3/6 + 7*q**2 + 10*q - 14. Calculate t(x).
2
Suppose 4*n + 2*g - 68 = 0, -5*n - 3*g + 85 = 2. Let u(x) = -2 - x**2 - n*x + 29*x - 16*x. Calculate u(-4).
6
Let l(p) = p**3 - 9*p**2 + 8*p - 6. Let s(o) = -2*o**2 - 32*o - 111. Let u be s(-6). Give l(u).
66
Let u(m) be the first derivative of -m**6/360 + m**5/15 + 11*m**4/24 - 2*m**3/3 + m + 80. Let i(r) be the third derivative of u(r). What is i(8)?
11
Suppose 3085 = -453*a - 18206. Let o(z) = z**2 + 50*z + 147. Calculate o(a).
6
Let o(t) = -t**2 - 8*t + 163. Let p(m) = -3*m**2 - 24*m + 465. Let a(r) = -17*o(r) + 6*p(r). Give a(-12).
-29
Let l = -6724 + 6753. Let u(g) be the first derivative of 0*g - l - 5/3*g**3 - 1/4*g**4 + 3*g**2. What is u(-6)?
0
Let d(m) = -m**2 - 9*m - 1. Suppose -46 + 203 = -99*f - 536. Calculate d(f).
13
Let z(j) = -3*j - 277. Let h(o) = -4*o - 396. Let b(s) = 7*h(s) - 10*z(s). Determine b(-5).
-12
Let i(c) = -c**3 - 12*c**2 - 14*c - 4. Let l = 7305 - 7316. Give i(l).
29
Suppose 2*v + 70 = v - 3*y, 5*v + 250 = 5*y. Suppose 2*s + 84 = -4*d, 5*s + 3*d + 220 = -2*d. Let z = s - v. Let x(g) = g - 4. Determine x(z).
5
Let j be 0/((3 - 2)/(1 - 0)). Let w be 126/18*(-1 + (0 - j)). Let f(u) = -u**2 - 7*u - 5. Determine f(w).
-5
Let s = 0 + 4. Suppose 12 = -s*q + q. Let i(v) = 18*v**2 + 7*v + 19. Let y(j) = -8*j**2 - 4*j - 9. Let p(z) = -3*i(z) - 7*y(z). Calculate p(q).
10
Suppose 2*d + 0*d = 4. Let r be d*-1*(-5)/10. Let z(b) = 371 - 372 - b**3 + 6*b**3 - 2*b**2 + 3*b**2. What is z(r)?
5
Suppose -23*b + 28*b + 4*g + 19 = 0, -b + 4*g + 1 = 0. Let j(l) = l**2 + 3*l + 17. What is j(b)?
17
Let j(p) be the third derivative of -1/120*p**6 + 5*p**2 + 7/60*p**5 - 1/6*p**4 + 5/3*p**3 + 0 + 10*p. Determine j(7).
-18
Let t = 95 + -107. Let q be ((-15)/t)/((-1)/(-8)). Let b(l) = l**3 - 10*l**2 - l + 10. Give b(q).
0
Let u(g) be the first derivative of -g**3/3 + 8*g**2 + g + 833. What is u(16)?
1
Let x(a) be the first derivative of a**5/60 - a**4/12 + a**3/6 - 2*a**2 - 15. Let n(h) be the second derivative of x(h). Suppose 19 - 17 = r. What is n(r)?
1
Let d(v) = 5*v**2 - 138*v. Let f(a) = -a**2 + 22*a - 1. Let z(y) = d(y) + 6*f(y). Let i = 12 - 7. Suppose r + i*p = 9, 0 = r - 4*r - 3*p - 9. Determine z(r).
-6
Let m(h) = -h - 1. Suppose 5*n + f - 19 = 0, -f = 4*n - 5*f - 20. Let j be (-109)/(-2) + 1/n*-2. Suppose 0 = -8*i + 14*i + j. Calculate m(i).
8
Let a(w) = w**3 + 7*w**2 + 4*w + 8. Suppose -28*y - 122 - 46 = 0. What is a(y)?
20
Suppose 0 = -3*l - 9, -2*a - 2 = -8*l + 4*l. Let b(h) = -7*h + 6 - 1 + 1 + 63*h**2 - 64*h**2. What is b(a)?
6
Let s(x) = -42*x - 100. Let f(p) = -2*p - 9. Let o(i) = -12*f(i) + s